, 3, 7, 97, 2503
List the prime factors of 2053769787.
3, 228196643
What are the prime factors of 20781484?
2, 1619, 3209
List the prime factors of 22133511.
3, 37, 66467
List the prime factors of 88202521.
11, 41, 223, 877
List the prime factors of 109107509.
7, 15586787
List the prime factors of 872252297.
7, 67, 1859813
List the prime factors of 233667974.
2, 116833987
What are the prime factors of 778819469?
47, 337, 49171
What are the prime factors of 44697288?
2, 3, 31, 60077
List the prime factors of 234638246.
2, 29, 1879, 2153
What are the prime factors of 48456730?
2, 5, 7, 692239
List the prime factors of 846419371.
7, 6689, 18077
What are the prime factors of 312988444?
2, 19, 216751
What are the prime factors of 16919798?
2, 7, 41, 4211
List the prime factors of 1289452927.
7, 184207561
What are the prime factors of 7954771?
11, 723161
List the prime factors of 8221841132.
2, 701, 2932183
List the prime factors of 946567056.
2, 3, 73, 151, 1789
What are the prime factors of 37791326?
2, 18895663
List the prime factors of 81623397.
3, 27207799
List the prime factors of 591332994.
2, 3, 7, 1564373
List the prime factors of 633545936.
2, 17, 2329213
What are the prime factors of 51619347?
3, 13, 441191
List the prime factors of 79647353.
79647353
List the prime factors of 1588598513.
809, 1963657
List the prime factors of 73555580.
2, 5, 7, 525397
What are the prime factors of 1315393865?
5, 43, 6118111
What are the prime factors of 23655316?
2, 23, 257123
List the prime factors of 1752624013.
7, 101, 50591
What are the prime factors of 1203393623?
1831, 657233
List the prime factors of 71467932.
2, 3, 17, 223, 1571
List the prime factors of 90626314.
2, 19, 607, 3929
What are the prime factors of 59838755?
5, 23, 47, 11071
What are the prime factors of 7168569057?
3, 13, 61269821
List the prime factors of 475308900.
2, 3, 5, 11, 41, 1171
What are the prime factors of 43066421?
29, 1485049
List the prime factors of 680615033.
7, 97230719
What are the prime factors of 1224246294?
2, 3, 113, 271, 2221
What are the prime factors of 1430015063?
1430015063
List the prime factors of 29112804.
2, 3, 7, 97, 397
List the prime factors of 1424304010.
2, 5, 653, 218117
List the prime factors of 1252621279.
7, 13, 367, 37507
List the prime factors of 25900705.
5, 19, 59, 4621
List the prime factors of 121223608.
2, 11, 125231
What are the prime factors of 1155088954?
2, 31, 1213, 15359
What are the prime factors of 291661724?
2, 17, 379, 11317
What are the prime factors of 79684842?
2, 3, 67, 198221
What are the prime factors of 4202616922?
2, 7, 199, 499, 3023
List the prime factors of 814289738.
2, 407144869
List the prime factors of 2574740821.
113, 22785317
List the prime factors of 33017267.
33017267
List the prime factors of 106371195.
3, 5, 7, 151, 6709
List the prime factors of 3389784084.
2, 3, 43, 2189783
List the prime factors of 33233893.
7, 11, 71, 6079
What are the prime factors of 1683189024?
2, 3, 11, 19, 83891
What are the prime factors of 4187580241?
13, 43, 7491199
What are the prime factors of 20885852?
2, 13, 401651
List the prime factors of 7199546689.
7199546689
List the prime factors of 99363994.
2, 49681997
List the prime factors of 4603384961.
7, 19, 233, 148549
What are the prime factors of 3310877014?
2, 4373, 378559
What are the prime factors of 4089098286?
2, 3, 7, 13, 23, 311, 349
List the prime factors of 13249880.
2, 5, 7, 79, 599
What are the prime factors of 303846518?
2, 19, 2207, 3623
List the prime factors of 228720642.
2, 3, 79, 499, 967
What are the prime factors of 68148724?
2, 7, 23, 29, 41, 89
What are the prime factors of 5696844619?
17, 283, 1184129
List the prime factors of 72628622.
2, 11, 419, 7879
What are the prime factors of 183044423?
17, 19, 566701
What are the prime factors of 530186420?
2, 5, 26509321
List the prime factors of 2033946.
2, 3, 112997
List the prime factors of 1635428591.
19, 31, 47, 59077
List the prime factors of 95057607.
3, 73, 89, 4877
What are the prime factors of 314647012?
2, 1297, 60649
What are the prime factors of 2755228711?
2755228711
What are the prime factors of 555193636?
2, 487, 285007
List the prime factors of 143175074.
2, 7, 10226791
What are the prime factors of 161169254?
2, 73, 1103899
List the prime factors of 890114268.
2, 3, 3079, 24091
What are the prime factors of 3754521300?
2, 3, 5, 12515071
What are the prime factors of 122426371?
29, 337, 12527
List the prime factors of 479604714.
2, 3, 17, 43, 2543
List the prime factors of 3067484342.
2, 13, 117980167
List the prime factors of 394516611.
3, 139, 315361
List the prime factors of 3064336070.
2, 5, 306433607
What are the prime factors of 15837146?
2, 13, 19, 32059
What are the prime factors of 662951898?
2, 3, 7, 43, 40787
List the prime factors of 11527844.
2, 71, 40591
List the prime factors of 1224229.
1224229
List the prime factors of 1102896849.
3, 67, 5487049
List the prime factors of 6723520187.
47, 8221, 17401
What are the prime factors of 4159460342?
2, 317, 6560663
What are the prime factors of 188300861?
7, 26900123
List the prime factors of 52254414.
2, 3, 2903023
List the prime factors of 94558257.
3, 10506473
What are the prime factors of 213131297?
109, 1955333
What are the prime factors of 135877311?
3, 17, 389, 761
What are the prime factors of 44169557?
43, 1027199
List the prime factors of 11024132.
2, 7, 47, 8377
List the prime factors of 594287822.
2, 297143911
What are the prime factors of 60297910?
2, 5, 6029791
List the prime factors of 47991380.
2, 5, 193, 12433
List the prime factors of 2980355.
5, 7, 17, 5009
List the prime factors of 45774159.
3, 15258053
What are the prime factors of 2723032103?
11, 17, 14561669
What are the prime factors of 301343741?
301343741
What are the prime factors of 146035936?
2, 4563623
List the prime factors of 721337411.
419, 1721569
What are the prime factors of 870786560?
2, 5, 7, 48593
What are the prime factors of 43844323?
31, 211, 6703
What are the prime factors of 81784743?
3, 167, 163243
What are the prime factors of 1812006386?
2, 906003193
What are the prime factors of 1223819?
1019, 1201
List the prime factors of 484587712.
2, 7, 569, 1901
List the prime factors of 124171460.
2, 5, 7, 19, 46681
List the prime factors of 785455819.
23, 41, 832933
List the prime factors of 13628631.
3, 4542877
List the prime factors of 39599853.
3, 13199951
List the prime factors of 6026064.
2, 3, 11, 101, 113
What are the prime factors of 39618882?
2, 3, 244561
List the prime factors of 516344086.
2, 43, 6004001
What are the prime factors of 981159350?
2, 5, 19623187
List the prime factors of 6124751238.
2, 3, 61, 233, 71821
List the prime factors of 74987330.
2, 5, 11, 29, 2137
What are the prime factors of 1719638599?
7, 245662657
List the prime factors of 27963202.
2, 13981601
What are the prime factors of 61851888?
2, 3, 7, 43, 1427
List the prime factors of 101727036.
2, 3, 79, 11923
List the prime factors of 44019578.
2, 89, 247301
List the prime factors of 2571663174.
2, 3, 523, 819523
What are the prime factors of 4339343726?
2, 2169671863
List the prime factors of 41984609.
137, 306457
What are the prime factors of 5582749838?
2, 389, 1877, 3823
List the prime factors of 26158255.
5, 193, 27107
List the prime factors of 189342884.
2, 47, 191, 5273
What are the prime factors of 940519665?
3, 5, 19, 1100023
List the prime factors of 17070545.
5, 61, 97, 577
What are the prime factors of 54463360?
2, 5, 7, 12157
What are the prime factors of 84303674?
2, 7, 13, 463207
What are the prime factors of 7965232?
2, 11, 167, 271
List the prime factors of 443160443.
11, 73, 4561
What are the prime factors of 4242836634?
2, 3, 23, 30745193
List the prime factors of 72358306.
2, 29, 1247557
List the prime factors of 1173343687.
1173343687
List the prime factors of 29952891.
3, 61, 54559
List the prime factors of 788320569.
3, 53, 139, 673
What are the prime factors of 4738499138?
2, 29, 103, 793187
List the prime factors of 636178644.
2, 3, 5890543
What are the prime factors of 279746444?
2, 41, 47, 36293
List the prime factors of 128536943.
31, 61, 101, 673
What are the prime factors of 33451373?
443, 75511
What are the prime factors of 44407029